- 42 = g. Calculate the greatest common divisor of x and a.
14
Let n = 250 + -114. Let l be 34/4*4*(-33)/(-6). Suppose -13*k = -2*k - l. Calculate the greatest common divisor of n and k.
17
Let t = -8586 - -12096. What is the highest common divisor of t and 54?
54
Let b(y) = 14*y - 27. Let k be b(2). Let z be (180/(-27) + 7)/(k/201). What is the highest common divisor of z and 1273?
67
Let v = 560 + -554. Suppose 0 = 3*d - 3, 20*f = 19*f - d + v. Calculate the greatest common factor of f and 115.
5
Let s be ((-121)/88)/11 - 2865/(-8). Calculate the highest common factor of 16 and s.
2
Suppose -4*t + 2*t = 3*a - 40, -3*t = 3. Let f = 106 - 3. Let q = f - 68. What is the highest common factor of a and q?
7
Let a be (-25)/(-15) - (2 + 28508/(-3))/2. Calculate the greatest common divisor of 2816 and a.
176
Let b(m) = -m**3 + 11*m**2 - 30*m + 10. Let w be b(4). Let n be (187/44)/(w/(9 + -1)). Calculate the highest common factor of 782 and n.
17
Suppose 3*f - 681 = 3708. Suppose -f = -4*z - 3*z. Calculate the greatest common factor of 19 and z.
19
Suppose -a + 4 = -3*a. Let n(p) be the first derivative of -p**2 + 2*p - 624. Let x be n(a). Calculate the highest common divisor of 42 and x.
6
Let l = 15 - 3. Suppose 25*o - 370 = 30*o. Let b = o + 86. What is the highest common factor of b and l?
12
Let m = -1498 - -1582. Calculate the greatest common divisor of m and 644.
28
Suppose 0 = 2*u + 4, -2*x = x - 4*u - 20. Suppose 54 = 3*d + n - 4*n, -3*n + 93 = x*d. What is the highest common factor of 91 and d?
7
Let l be (-150)/(-8)*(-128)/24. Let r be 1 + -1 + l/(-2). Suppose 0 = -5*d + 5*z + 130, 2*z - 6*z - r = -2*d. Calculate the highest common divisor of 3 and d.
3
Let i be (1 + 78/(-10))*-5. Let q(l) = 2*l**3 - 2*l**2 - 55*l + 21. Let j be q(6). Calculate the highest common divisor of i and j.
17
Suppose 11691 = p + d, -597 + 632 = 5*d. What is the greatest common factor of 184 and p?
92
Suppose -11*u = 874 - 214. Let b = -48 - u. Calculate the greatest common factor of b and 6.
6
Let l(z) = -z**2 - 5*z + 36. Let o be l(-9). Suppose 34*u - 2040 - 272 = o. What is the greatest common factor of 374 and u?
34
Let v(p) = p**3 + 26*p**2 - 26*p + 40. Let j be v(-27). Suppose -j*g + 424 = -668. What is the highest common factor of g and 12?
12
Let x = 7281 + -7181. What is the highest common divisor of 52 and x?
4
Suppose -2*b - 600 = -t, -21*b = -18*b - 9. Suppose f = -3*v + 1061, -5*v + 2386 - t = 4*f. Calculate the highest common factor of 16 and v.
16
Let a(b) = 23 - 124 - 20*b - 20 + 3*b. Let p be a(-22). Calculate the highest common factor of 11 and p.
11
Let k(j) = 4*j**3 + 6*j**2 + 69*j - 419. Let s be k(8). Calculate the greatest common factor of 459 and s.
27
Let c(d) = 17*d + 1721. Let z be c(-61). Calculate the highest common divisor of 2508 and z.
228
Suppose 100 = 6*z - b - 911, 0 = -5*z - 5*b + 860. Let y = 29 + -16. Calculate the greatest common factor of y and z.
13
Let v be 17 - (-4 + 8 + -1). Let p(b) = b + 112. Suppose 0 = -5*c + 2*c. Let f be p(c). Calculate the greatest common divisor of v and f.
14
Let z(g) = -g**3 - 5*g**2 + g + 10. Let m be z(-5). Suppose 7*r - 110 = 2*r - 4*p, 0 = m*p - 25. What is the greatest common divisor of r and 450?
18
Let g(n) = 114*n**2 - 6*n + 83. Let s be g(7). Calculate the highest common divisor of s and 17.
17
Suppose -4476 = -41*q - 1524. Let y(w) = w - 14. Let d be y(18). Suppose 0 = 6*x - d*x - 18. What is the greatest common divisor of q and x?
9
Let l(n) = -n**2 - 304*n + 8742. Let k be l(26). What is the greatest common factor of 1782 and k?
162
Suppose n + 15627 = 2*d - 35932, -2*n + 77314 = 3*d. Calculate the greatest common factor of 9 and d.
9
Let s = -14525 - -14533. Calculate the highest common divisor of 15112 and s.
8
Let c be (2/(-10)*0)/(-1) - -231. Let g = 158 + -137. What is the highest common factor of c and g?
21
Let d be ((-56)/10*83)/((22/(-10))/11). Calculate the greatest common divisor of d and 28.
28
Let p be (-4)/(-6) - (-20)/6. Suppose p = y - 0*y + 4*j, -j - 17 = -2*y. Suppose 56*q - 58 = 390. Calculate the highest common factor of q and y.
8
Let v be -30*((-3)/5 - 495/275). Calculate the highest common factor of v and 216.
72
Let s(p) be the first derivative of -5*p**2 - 72*p - 160. Let b be s(-10). Calculate the greatest common divisor of b and 49.
7
Suppose 5*h + 2*g - 16993 = 0, -36*h = -33*h - g - 10209. Calculate the highest common factor of h and 38.
19
Suppose -6*d + 4*w = -4*d - 40, 5*d - 3*w = 114. Let j = 37 - -7. What is the highest common divisor of d and j?
4
Suppose -a - 6 = -3*k, 2*a + 2*a - 3*k = 3. Let y = -1 + a. Suppose -y*n + 141 + 167 = 0. Calculate the greatest common factor of n and 14.
14
Let z = -5170 + 5181. Let w(q) = 22*q**3 + q - 1. Let f be w(1). Calculate the highest common factor of f and z.
11
Suppose 414*m = 3493405 - 635977. Calculate the highest common divisor of m and 85.
17
Suppose 71*g - 595045 = -154561. What is the greatest common factor of g and 66?
66
Let c(z) = 2*z**3 + 3*z**2 - 10*z - 10. Let u be c(-2). What is the greatest common factor of u and 16062?
6
Let t = -130 + 185. Suppose t = 14*y - 19*y. Let n(x) = 2*x + 38. Let b be n(y). Calculate the highest common factor of 24 and b.
8
Let c be (0 - 2/(-4))/(10/(-2260)). Let s = 56 - c. Calculate the greatest common factor of 13 and s.
13
Suppose 114*v - 118*v = 5*m - 9612, -2*m - 2*v + 3846 = 0. Calculate the greatest common divisor of 840 and m.
120
Let m be 4/86 + (-3734032)/(-7439). Calculate the highest common factor of m and 2.
2
Let c be (-1 - (2 + (-50)/14))*1568/224. Calculate the greatest common divisor of 137 and c.
1
Let w = -10488 + 10722. What is the greatest common factor of 1989 and w?
117
Let c(v) = -2*v - 1. Let g be c(-3). Suppose -5*h - 7*z = -9*z + 164, -g*h = -4*z + 168. Let s = 43 + h. Calculate the highest common divisor of 176 and s.
11
Suppose 12*p + y + 1191 = 10*p, -3*p = 2*y + 1789. Let x = p + 596. What is the greatest common factor of x and 384?
3
Let f(k) = -18*k - 1. Let u(g) = -9*g - 1. Let b(x) = 3*f(x) - 5*u(x). Let t be b(-1). Suppose -v + 8 = -80. Calculate the highest common factor of t and v.
11
Suppose -10*t + 442 + 278 = 0. Suppose 2*k - 24 = -i - 0*k, -2*i = -4*k - t. Calculate the greatest common divisor of i and 270.
30
Let f(t) = 3*t - 74. Let g be f(-8). Let j = g - -161. What is the greatest common factor of 9 and j?
9
Suppose 3*h + 5*c - 410 = -2792, -2*h - 1607 = -3*c. Let v = h + 843. Calculate the highest common factor of 550 and v.
22
Suppose 462*y - 474*y + 7908 = 0. Suppose -y = -5*m + 3*v, 2*m + 5*v - 9*v = 272. What is the greatest common divisor of 104 and m?
26
Let w be ((-1)/2)/(9 + 32247/(-3582)). Suppose 3*z - 5*l = w, 5*z + 4*l = 4*z + 72. What is the greatest common divisor of z and 340?
68
Suppose -2*y + 46 = 10. Let k = 209 + 94. Let u = k + -285. What is the highest common divisor of u and y?
18
Let u be 475/2 - (-2)/4. Suppose g - 2*g = -u. Let t be ((-6014)/(-93) + -60)*(-102)/(-14). What is the greatest common factor of t and g?
34
Let x = 12527 + -11834. Calculate the greatest common factor of x and 207.
9
Suppose 561 + 87 = 24*o. What is the greatest common divisor of 1521 and o?
9
Let h(r) = 3*r**2 - 2*r - 1. Let d be h(3). Suppose 2456 = 15*g + 266. Let i = 166 - g. Calculate the highest common factor of i and d.
20
Let o(r) = 59*r**2 - 1944*r - 85. Let m be o(33). Calculate the greatest common divisor of 9961 and m.
7
Let g(u) = 10*u + 33. Let w(h) = 4*h + 17. Let r(o) = -4*g(o) + 9*w(o). Let s = 95 - 95. Let d be r(s). Calculate the greatest common factor of 63 and d.
21
Suppose -g + 1 + 1 = 0. Suppose 641*m + 593 = 1234*m. What is the highest common factor of g and m?
1
Let f(r) = r**2 - 71*r - 3008. Let p be f(106). Calculate the highest common factor of p and 25623.
351
Suppose 356*m = 343*m + 2158. What is the greatest common divisor of m and 4?
2
Let f be (10 + -19)*(-10 + 0) - 0. Suppose 5*t - 1215 = f. What is the highest common factor of t and 29?
29
Suppose b + 24 = 3*b. Let c = b - 10. Suppose 2*f = -f - 12, 3*v - c*f = 44. Calculate the greatest common factor of 96 and v.
12
Let w(z) = 4*z**2 + 25*z + 18. Suppose -f - 2*b = 15, 2*b + 10 + 23 = -3*f. Let v be w(f). What is the greatest com